aluate -3 - 2 - (-5 + -1 + 1).
0
What is 2 - (-6 - (-1 + -1) - -7)?
-1
Calculate (0 - -3) + (-5 - 1) - -7.
4
Calculate -4 + 2 + (-3 - 2) - -7.
0
Calculate 44 - 38 - (1 - 2 - 0).
7
Evaluate 1 - (-2 + 0 - 1).
4
3 + (-4 - -5) + -7
-3
(-1 - -4) + 5 + -7 + -8
-7
What is -33 - (-33 + 7) - (1 - 17)?
9
Calculate (-4 - 0 - (2 - 2)) + 2.
-2
(-1 - 2) + 4 + -10 + 7
-2
1 + (-2 - -4) + -3
0
Calculate 1 + 0 + 4 + -1.
4
Calculate (-8 - -5) + 5 - 9.
-7
Calculate -3 - (-4 + (1 - (-4 + 1))).
-3
What is 3 + 4 - (13 + -7) - -3?
4
-11 + (-4 - -7) + 6
-2
(-1 - -2) + -1 - 1
-1
What is (-2 - 1 - -6) + -3?
0
What is the value of (7 - (5 - -5)) + 6?
3
Evaluate -2 + (4 - -1 - 11) + 2.
-6
Evaluate -4 + 8 + (0 - 5).
-1
What is (5 - (-7 + 14)) + 8?
6
(6 - (-3 + 4)) + -1
4
Calculate 4 - (2 - (1 - -2)).
5
Evaluate (0 - (3 + 6 + 0)) + 2.
-7
-1 + 3 + 0 + (-1 - -3)
4
8 + -2 + 4 + -6
4
Calculate -2 - (11 + -16 + (1 - -3)).
-1
Evaluate (-5 - 0) + 1 - -7.
3
Evaluate -12 + (8 - (-9 - (-9 - 7))).
-11
Evaluate -9 + -2 + 1 + 6 + -3.
-7
1 + 6 + -6 + -3 + 0
-2
What is the value of 1 - -2 - (9 + (-6 - -1))?
-1
What is the value of -4 - ((-1 - 6) + 2 + -1)?
2
Evaluate (-5 - -1 - -9) + -1 + 0.
4
What is the value of -3 + (11 + -7 - 1)?
0
0 + (-2 - (1 + -9)) + -12
-6
2 + -5 - (-1 + -5 - 0)
3
Calculate 6 + 1 - (-9 + 14).
2
What is 2 + -6 + (-3 - -1)?
-6
What is -6 - -9 - (6 - (1 + -2))?
-4
Evaluate -5 + (-3 - -6 - -2) + -2.
-2
What is 3 + (4 - 3) - 3?
1
Calculate (1 - -1) + 1 + 2 + 0.
5
What is -3 + (-3 - -7) - 7?
-6
1 + 10 + -4 + (3 - 0)
10
Evaluate (-15 - -20) + (-1 - -1 - 6).
-1
What is the value of (-3 - -6) + -4 + 3?
2
Calculate -5 + 5 + -1 + -2.
-3
Evaluate -3 + (8 - (2 - (1 + -1))).
3
What is the value of -1 + -2 + 3 + 2 + 0?
2
What is (-5 - -2) + 2 + 2?
1
(6 + -1 + -9 - 0) + 6
2
Calculate -1 + -3 + (0 - (-2 - -2)).
-4
What is -1 + 0 + -3 + 5 + 2?
3
-5 - -2 - -2 - -6
5
What is the value of (9 - (1 - -5)) + -4?
-1
Calculate -15 + 3 + 29 + -17.
0
What is the value of 3 + -13 + 8 + (7 - 2)?
3
What is 4 - (0 - (-7 + 0))?
-3
What is 1 + (-6 - (-5 + 3))?
-3
Calculate -1 + 2 + -3 - (-40 - -38).
0
Calculate -17 + 15 - (0 - 7).
5
What is (3 - 2) + (13 + -9 - 10)?
-5
Evaluate (-2 - 3) + 3 + 1 + -2.
-3
What is the value of -2 + -8 + (12 - -4)?
6
Evaluate (-20 - (-8 + -6)) + -1 + 1.
-6
Calculate 1 + -1 - (0 - -4 - 0).
-4
What is 4 + -7 - -11 - 3?
5
What is the value of (3 - (-2 + 1)) + (-80 - -73)?
-3
What is (6 + -8 - -1) + 3?
2
Evaluate (-1 - -1) + -6 + 5 - -2.
1
What is 1 + -4 + 6 - (-2 - -13)?
-8
Calculate 4 + -5 + 1 + 0.
0
What is the value of -8 + (8 - 6) - -2?
-4
What is 12 - 1 - (-11 - -27)?
-5
3 - (16 - (15 - 8))
-6
-6 + (5 - (-3 + 0) - 5)
-3
What is the value of -15 + -7 + 19 + (1 - 5)?
-7
What is 0 + (-4 - (-4 - 3))?
3
What is (-4 - (-4 - (-3 + 3))) + 2?
2
7 - 9 - (1 + -6)
3
What is the value of (2 - (-2 + 1) - -1) + 0?
4
Calculate (0 - (-5 - -2)) + 0 + -4.
-1
Calculate 6 - -4 - 11 - (3 + -1).
-3
What is (-2 - 3) + (14 - 5)?
4
(-1 - 5) + (3 - -5)
2
(-3 + 2 - 2) + 3
0
4 + 3 + -10 + 12 + -4
5
What is the value of 4 + 1 + (-4 - (-4 + 5))?
0
What is the value of (-1 - 4) + 2 - 2?
-5
What is the value of 12 + -2 - (3 - (-9 - -8))?
6
Calculate -32 - -33 - (3 + -1).
-1
2 + (-2 - -2) + 0 - -3
5
11 - 7 - (0 + 4)
0
Evaluate 6 + -4 + -3 - (-8 - -2).
5
What is -19 - (-16 + 2) - (0 - 13)?
8
3 + (0 - -1 - 3) + 2
3
What is 1 + (-1 - (-2 + 4 + -2))?
0
Evaluate 2 - (32 - 37 - (0 - 2)).
5
Evaluate (1 - 2) + 5 + -4 + -2.
-2
Calculate 1 + -2 - (27 + -32).
4
0 + 6 + -5 - (4 - -1)
-4
What is -3 + (9 + -1 - 9)?
-4
1 + -2 - (2 + 4 + -4)
-3
Evaluate (1 + 2 - (2 + -2)) + -1.
2
What is -11 - (-11 + -2) - -1?
3
-9 - (-8 + (2 - -2))
-5
Calculate (1 - 1) + 1 - -3.
4
Evaluate (0 - (0 - (0 - 4))) + 5.
1
-7 + 5 - -8 - 2
4
-1 - (-2 + (1 - 5))
5
What is the value of 0 + 0 + 1 - (43 + -48)?
6
Evaluate -14 + (16 - -1) + 4.
7
Evaluate 0 + (6 - 4 - (-1 + 0)).
3
Evaluate -6 + 1 - (-5 + 8 + -6).
-2
Calculate 71 + -59 - (1 + 5).
6
What is the value of 6 + -4 + 2 + -1 + 2?
5
Evaluate -4 - ((1 + 4 - 1) + -2).
-6
-5 + 4 + 0 - -6
5
1 + -5 + -2 + 9
3
What is 0 + 5 + -5 + -6?
-6
(6 - 10) + 6 - 1
1
Calculate (-9 - -2) + 5 + -4 + 3.
-3
-17 + 15 + (2 + -1 - -2)
1
What is -4 - ((-2 - -4) + -3)?
-3
Calculate 6 + (-20 - (-9 - -7 - 4)).
-8
Evaluate -6 + 10 + -3 + 2.
3
What is (-1 - -9) + 7 + -14?
1
Calculate 19 + -18 - (-2 + 7).
-4
Evaluate 2 + -7 + 3 + 2 + -2.
-2
What is the value of (1 + -5 - (-4 + -4)) + -8?
-4
(-2 + 0 - 3) + 1 + 1
-3
2 + (6 - 8 - (-2 - 0))
2
Evaluate (0 - -2) + 9 + -6 + -10.
-5
What is (-3 - -8) + (2 + -2 - 3)?
2
What is the value of 2 - (4 - (8 + -4))?
2
Calculate 6 - 4 - 4 - 2 - 1.
-5
Calculate (-13 + 7 - -3) + -5.
-8
Evaluate 3 + (0 + 0 - -1).
4
Calculate -11 + 5 + -2 - -4.
-4
What is (3 - 1) + (14 - 20)?
-4
Evaluate 0 - (1 - (-1 - -6) - -1).
3
What is 7 + 1 + -10 - -4?
2
What is the value of (-5 - -4) + -5 - (-1 + 0)?
-5
Evaluate (-81 - -87) + -2 + -9.
-5
What is the value of 1 - (-5 - (-9 - (-6 + 2)))?
1
Evaluate -9 - 1 - (-4 - (4 - 2)).
-4
1 + (0 - -1 - (-3 + 7))
-2
(-3 - (0 + -2 + -3)) + 1
3
What is (5 - 7 - 4) + 3?
-3
Calculate (-5 - -12) + 18 + -18.
7
What is the value of -5 - -1 - (-7 - (-10 - -2))?
-5
(9 - 2) + -13 + 9
3
-8 - (1 - -5 - (-1 + 12))
-3
What is 9 + -4 + 13 + -20?
-2
(1 - (0 - -7) - -10) + -2
2
-7 + 5 + 5 + -3 + 0
0
Evaluate 6 + 9 - (-27 - -52).
-10
2 - (-4 - -2) - 1
3
What is (-3 - -5 - 7) + 5 + -2?
-2
4 - 2 - (7 + -17 + 5)
7
Calculate -5 + 1 + 4 - -4.
4
(-10 - (4 + -9 - -1)) + 13
7
What is -4 + (2 - 1) - (3 + -3)?
-3
-2 + (6 - 2) - 9
-7
Evaluate (-4 + -1 - -7) + -5.
-3
Evaluate 7 - (2 + -8 - -13).
0
3 + (2 - 5 - 5)
-5
Calculate -2 + (-3 - (-2 + 4 - 4)).
-3
What is the value of -2 + 0 + 7 + -2?
3
(61 - 59) + (1 - 4)
-1
0 + -6 + (5 - 3)
-4
Calculate 3 - (1 - ((4 - 5) + 1)).
2
What is the value of -5 - (2 - 6 - -2) - 1?
-4
What is 8 + 1 + -5 - (0 + 5)?
-1
(3 - 1) + 0 + 0 - 5
-3
What is the value of -3 + 2 + 2 + -6?
-5
What is the value of (1 - -2) + (17 - 12)?
8
What is the value of -1 + 2 + (5 - (2 - -3))?
1
Calculate 10 + 0 + (-14 - 1).
-5
Calculate (-2 - (1 + -1)) + (-1 - -12).
9
6 - (-2 + (2 - 0) - -4)
2
Calculate 8 - (12 - (8 - 3)).
1
Calculate 5 + 3 + -3 + 0 + -2.
3
4 + -1 - 2 - 1
0
What is the value of 1 - ((-2 - -11) + -14)?
6
-1 + 7 + (-61 - -59)
4
(6 - (7 - -4)) + (4 - -5)
4
Evaluate 1 + 0 - (-12 - -17).
-4
Calculate -5 + (6 - 3) + 2 + -2.
-2
What is 5 + (-9 + 12 - (1 + 3))?
4
Calculate (-3 - -2) + (44 - 38).
5
Evaluate -3 - ((2 - 1) + -4).
0
Calculate (8 - 6 - -4) + -12.
-6
What is the value of -10 - (-11 + (6 - -2 - 3))?
-4
Evaluate -1 + 7 + (-1 - (1 - -6)).
-2
What is 2 + 1 + (-10 - -7)?
0
Calculate (-3 - -7 - 8) + (-10 - -19).
5
What is the value of -4 + (6 + -8 + -2 - 1)?
-9
What is -2 - (2 + -2) - -3 - 0?
1
2 - 0 - (-9 - -6)
5
What is (7 + -16 - -14) + -11?
-6
What is the value of 32 + -29 - (3 + -1)?
1
Calculate 0 - 2 - 4 - (0 + -1).
-5
Calculate -1 - (5 + -2 + 3 + -2).
-5
What is (-1 - -3) + (0 - (-2 + 4))?
0
Evaluate -1 + 0 + -1 + -3.
-5
(0 - -9 - 3) + (5 - 8)
3
What is (-8 - (5 + -13 - -3)) + -3?
-6
Evaluate 19 + 1 + -10 - 6.
4
What is the value of -9 + (17 - (20 - 7))?
-5
7 - (0 + (3 - -2))
2
What is the value of -4 + 2 + 0 + (-1 - -5)?
2
What is the value of (-9 - (10 - 12)) + 2?
-5
3 - -6 - (-3 - -7)
5
Evaluate 0 + 1 + -2 + (-5 - -10).
4
What is -1 + 5 + -10 + (7 - -4)?
5
-14 + (3 + 3 - -4)
-4
What is 1 + 6 + -6 + -1?
0
What is the value of -2 - 1 - (2 + -2)?
-3
-1 + 3 + 0 - -4
6
Evaluate -27 + 25 + (3 - 1) - 0.
0
What is the value of 13 + -3 - (-5 - -10)?
5
Evaluate -2 + (0 - (2 - 9)).
5
Evaluate 2 + -3 + 1 + -3 + -2.
-5
What is -17 + -14 + 26 - (-2 - -1)?
-4
Calculate -3 - (-6 + 5 + -1).
-1
1 - (1 + -6 + (-63 - -65))
4
What is the value of (1 - (-15 - -30)) + 4 + 1?
-9
Calculate 0 - ((-2 - -2) + (6 - 7)).
1
What is the value of -1 - -3 - (5 + -8 + 1)?
4
Evaluate 3 + -2 + -5 - 1.
-5
Evaluate (-4 - (4 - 0)) + 3.
-5
What is -9 + 9 + (-1 - 6) + 4?
-3
What is the value of -5 + 2 - -9 - 5?
1
What is the value of 2 - (1 - 2) - (-13 + 14)?
2
-4 + 3 + -1 + -5 + 7
0
What is the value of 0 + (-2 - -4) - -2?
4
Evaluate -6 + -3 + 5 + -2 + 3.
-3
Calculate 3 + 2 + (3 - 5 - -1).
4
3 + (-5 - (-6 + 7))
-3
Calculate 11 - -1 - ((15 - 29) + 17).
9
Calculate 12 + -7 + -6 - -6 - 9.
-4
What i